{"id":142,"date":"2022-01-07T22:21:47","date_gmt":"2022-01-07T22:21:47","guid":{"rendered":"https:\/\/www.mzws.pl\/?page_id=142"},"modified":"2022-01-22T19:29:50","modified_gmt":"2022-01-22T18:29:50","slug":"dolacz-do-nas","status":"publish","type":"page","link":"https:\/\/www.mzws.pl\/index.php\/kluby\/dolacz-do-nas\/","title":{"rendered":"Do\u0142\u0105cz do nas"},"content":{"rendered":"\n<p>Je\u015bli Wasz klub \/ stowarzyszenie \/ organizacja chce do nas do\u0142\u0105czy\u0107 wystarczy do nas napisa\u0107 (zarzad@mzws.pl).<\/p>\n\n\n\n<p>W za\u0142\u0105czniku prosimy przes\u0142a\u0107 uchwa\u0142\u0119 odpowiedniej w\u0142adzy danego klubu (zgodnej ze statutem), stanowi\u0105c\u0105 o ch\u0119ci przyst\u0105pienia do zwi\u0105zku oraz statut danego klubu.<\/p>\n\n\n\n<p>ZAPRASZAMY<\/p>\n","protected":false},"excerpt":{"rendered":"<p>Je\u015bli Wasz klub \/ stowarzyszenie \/ organizacja chce do nas do\u0142\u0105czy\u0107 wystarczy do nas napisa\u0107 (zarzad@mzws.pl). W za\u0142\u0105czniku prosimy przes\u0142a\u0107<\/p>\n","protected":false},"author":1,"featured_media":0,"parent":44,"menu_order":0,"comment_status":"closed","ping_status":"closed","template":"","meta":[],"_links":{"self":[{"href":"https:\/\/www.mzws.pl\/index.php\/wp-json\/wp\/v2\/pages\/142"}],"collection":[{"href":"https:\/\/www.mzws.pl\/index.php\/wp-json\/wp\/v2\/pages"}],"about":[{"href":"https:\/\/www.mzws.pl\/index.php\/wp-json\/wp\/v2\/types\/page"}],"author":[{"embeddable":true,"href":"https:\/\/www.mzws.pl\/index.php\/wp-json\/wp\/v2\/users\/1"}],"replies":[{"embeddable":true,"href":"https:\/\/www.mzws.pl\/index.php\/wp-json\/wp\/v2\/comments?post=142"}],"version-history":[{"count":2,"href":"https:\/\/www.mzws.pl\/index.php\/wp-json\/wp\/v2\/pages\/142\/revisions"}],"predecessor-version":[{"id":183,"href":"https:\/\/www.mzws.pl\/index.php\/wp-json\/wp\/v2\/pages\/142\/revisions\/183"}],"up":[{"embeddable":true,"href":"https:\/\/www.mzws.pl\/index.php\/wp-json\/wp\/v2\/pages\/44"}],"wp:attachment":[{"href":"https:\/\/www.mzws.pl\/index.php\/wp-json\/wp\/v2\/media?parent=142"}],"curies":[{"name":"wp","href":"https:\/\/api.w.org\/{rel}","templated":true}]}}