{"id":88,"date":"2022-01-06T19:05:34","date_gmt":"2022-01-06T19:05:34","guid":{"rendered":"https:\/\/www.mzws.pl\/?page_id=88"},"modified":"2022-01-06T19:08:57","modified_gmt":"2022-01-06T19:08:57","slug":"wladze-zwiazku","status":"publish","type":"page","link":"https:\/\/www.mzws.pl\/index.php\/zwiazek\/wladze-zwiazku\/","title":{"rendered":"W\u0142adze zwi\u0105zku"},"content":{"rendered":"\n<h4>W\u0142adzami Ma\u0142opolskiego Zwi\u0105zku Wspinaczki Sportowej s\u0105:<\/h4>\n\n\n\n<ol><li>Walne Zebranie Delegat\u00f3w zwi\u0105zku, zwane dalej \u201eWalnym Zebraniem\u201d,<\/li><li>Zarz\u0105d zwi\u0105zku, zwany dalej \u201eZarz\u0105dem\u201d,<\/li><li>Komisja Rewizyjna.<\/li><\/ol>\n\n\n\n<hr class=\"wp-block-separator alignwide is-style-wide\"\/>\n\n\n\n<h4>Zarz\u0105d<\/h4>\n\n\n\n<h5>Sk\u0142ad Zarz\u0105du:<\/h5>\n\n\n\n<ul><li>Tomasz Pi\u0105stka &#8211; prezes<\/li><li>Beata Ludwig-Grochowalska<\/li><li>Aleksandra Szymczak<\/li><li>Rafa\u0142 Kanowski<\/li><li>Piotr Oleksy<\/li><\/ul>\n\n\n\n<p><\/p>\n\n\n\n<h4>Komisja Rewizyjna<\/h4>\n\n\n\n<h5>Sk\u0142ad komisji:<\/h5>\n\n\n\n<ul><li>Joanna Kami\u0144ska<\/li><li>Anna Ostrowska<\/li><li>Pawe\u0142 Grochowalski<\/li><\/ul>\n\n\n\n<p><\/p>\n","protected":false},"excerpt":{"rendered":"<p>W\u0142adzami Ma\u0142opolskiego Zwi\u0105zku Wspinaczki Sportowej s\u0105: Walne Zebranie Delegat\u00f3w zwi\u0105zku, zwane dalej \u201eWalnym Zebraniem\u201d, Zarz\u0105d zwi\u0105zku, zwany dalej \u201eZarz\u0105dem\u201d, Komisja<\/p>\n","protected":false},"author":1,"featured_media":0,"parent":43,"menu_order":0,"comment_status":"closed","ping_status":"closed","template":"","meta":[],"_links":{"self":[{"href":"https:\/\/www.mzws.pl\/index.php\/wp-json\/wp\/v2\/pages\/88"}],"collection":[{"href":"https:\/\/www.mzws.pl\/index.php\/wp-json\/wp\/v2\/pages"}],"about":[{"href":"https:\/\/www.mzws.pl\/index.php\/wp-json\/wp\/v2\/types\/page"}],"author":[{"embeddable":true,"href":"https:\/\/www.mzws.pl\/index.php\/wp-json\/wp\/v2\/users\/1"}],"replies":[{"embeddable":true,"href":"https:\/\/www.mzws.pl\/index.php\/wp-json\/wp\/v2\/comments?post=88"}],"version-history":[{"count":2,"href":"https:\/\/www.mzws.pl\/index.php\/wp-json\/wp\/v2\/pages\/88\/revisions"}],"predecessor-version":[{"id":91,"href":"https:\/\/www.mzws.pl\/index.php\/wp-json\/wp\/v2\/pages\/88\/revisions\/91"}],"up":[{"embeddable":true,"href":"https:\/\/www.mzws.pl\/index.php\/wp-json\/wp\/v2\/pages\/43"}],"wp:attachment":[{"href":"https:\/\/www.mzws.pl\/index.php\/wp-json\/wp\/v2\/media?parent=88"}],"curies":[{"name":"wp","href":"https:\/\/api.w.org\/{rel}","templated":true}]}}